s divided by k?
11
Let k be (-3)/3 + 2 - -3. Let a be (6/k)/(1/6). Calculate the remainder when 55 is divided by 17 + -6 + a/3.
13
Suppose 170 = 4*h + 4*t + 50, -5*h + 152 = 3*t. Calculate the remainder when 61 is divided by h.
30
Suppose 2*q - 10 = -4. Suppose -2*y + q = y. Let n = 3 - y. What is the remainder when n is divided by 2?
0
Let k = -3 - -5. Suppose -20 = 3*v + k*j, -4*j + 6 = -2*v - 2. What is the remainder when 32 is divided by (-3)/(-2)*(-44)/v?
10
Let f(q) = q**3 - 6*q**2 - 5*q + 7. Let k = -1 - -4. Suppose 5*h - k*l + 5*l = 27, 3*l - 9 = -3*h. What is the remainder when f(h) is divided by 11?
10
Let y = 45 + -27. Calculate the remainder when 51 is divided by y.
15
Let a = -34 - -52. What is the remainder when 71 is divided by a?
17
Let f(q) = 10*q - 24. Calculate the remainder when f(6) is divided by 13.
10
Let t(q) be the first derivative of -q**2 + 4. Calculate the remainder when 22 is divided by t(-3).
4
Let n = -1 - -60. What is the remainder when n is divided by 31?
28
Suppose 8*y - 16 = 4*y. Suppose -p + 21 = -y*p. Let o = 19 + p. Calculate the remainder when 35 is divided by o.
11
Suppose 2*d - 5*x + 15 = -3*d, 5*x = -5*d - 25. Let b(r) = 0 - 1 - 4*r - 3. Calculate the remainder when 47 is divided by b(d).
11
Suppose 2 = -s, 0 = 4*m - 2*s - s - 370. Calculate the remainder when m is divided by 16.
11
Suppose 0 = 2*d + 2*d - 2*a - 52, 5*d + 4*a - 65 = 0. Suppose 32 = 2*y + 5*s, -d = 5*y + 2*s - 93. What is the remainder when y is divided by 9?
7
Suppose 24 + 1 = 5*h. What is the remainder when 6 is divided by 13/h - (-9)/(-15)?
0
Let a = 25 + -16. Let u(p) = 2*p + 15. Let k be u(0). Let s = 18 + k. Calculate the remainder when s is divided by a.
6
Let g(q) = 17*q**2 + q + 1. Let k = -28 - -97. Suppose -k = -15*s + 12*s. What is the remainder when g(-2) is divided by s?
21
Let h(t) = -3*t - 19. Let j be h(-8). Suppose -j*v + 3*x + 18 = -2*v, v + 2*x = 21. What is the remainder when 54 is divided by v?
10
Let q(l) = 48*l - 2. What is the remainder when q(1) is divided by 12?
10
Suppose -5*t - k = 167, 25 = -2*t - 4*k - 31. Let h = -11 - t. Calculate the remainder when h is divided by 6.
5
Let k(p) = p. Let s(l) = -2*l**2 + 2*l. Let y be s(2). Calculate the remainder when k(3) is divided by -1*1 - (y + 2).
0
Suppose -12 = -2*c + 16. What is the remainder when 46 is divided by c - 3*(-2)/3?
14
Let r(t) = -t**2 + 9*t - 6. Let f = 21 + -13. Let x = 3 - 2. Calculate the remainder when r(f) is divided by x.
0
Suppose 0 = -5*l - 0*l + 50. Calculate the remainder when 15 is divided by l.
5
Let q(v) = v**3 - 11*v**2 + 10*v + 13. Suppose u - 6 = -n + 2*u, 66 = 5*n + 4*u. Calculate the remainder when q(n) is divided by 5.
3
What is the remainder when (2/3)/(4*(-2)/(-144)) is divided by 5?
2
Suppose 22*s = 16*s + 54. What is the remainder when s is divided by 2?
1
Suppose 0 = 4*o - 9*o. Suppose o*f = -3*f + 219. Calculate the remainder when f is divided by 25.
23
Suppose 11 = 5*b - 179. Suppose -2*n + 2*d = -34, -n + d - 103 = -6*n. Calculate the remainder when b is divided by n.
18
Suppose -2*i - b = -12, 3*i = 4*b - 0*b + 7. Suppose r + 0 = 3. Suppose -r*l = -5*q + 57, -25 = -i*q + 5*l + 40. What is the remainder when 25 is divided by q?
7
Suppose -f + 3*g + 46 = 0, -5*g + 38 = -2*f + 3*f. Let o(y) = -y**2 - 4*y + 36. What is the remainder when f is divided by o(-7)?
13
Let p(d) = d**2 - 2*d + 4. Let f be 34 - 1*(-1 + 0). Suppose 9 = -2*z + f. Calculate the remainder when z is divided by p(3).
6
Let f(i) = -22*i**3 + 2*i**2 + 2*i + 1. What is the remainder when -2*1 + 1 + 45 is divided by f(-1)?
21
Suppose 0*l + 2*l = 0. Let s = 2 + l. Suppose 0 = s*o - 15 - 37. What is the remainder when o is divided by 14?
12
Calculate the remainder when (-15)/3 - (-46 - 7) is divided by 10.
8
Calculate the remainder when -2*(-3 - 81/6) is divided by 9.
6
Let h(p) = p**2 + 16*p + 22. Let z be h(-15). Suppose -11*v + 244 = -z*v. What is the remainder when v is divided by 21?
19
Let s(k) = -k**2 - 5*k + 3. Let u(i) = -i**3 + 6*i**2 - 6*i + 2. Let n be u(5). Calculate the remainder when 32*((-2)/7)/(12/(-21)) is divided by s(n).
7
Let f = 11 - 7. Suppose 5*y = -2*a + 25, 2*y + 6*a - f*a = 16. Calculate the remainder when y is divided by 8/(-24)*-2*3.
1
Suppose -c + 0*r + 4*r = -6, 2*c = 5*r + 3. Let h = -6 + 2. What is the remainder when 33 is divided by (h/c)/(7/126)?
9
Suppose -15 = -2*h - 1. Suppose l = 2*x - 49, 0 = -0*x - 4*x - 5*l + 133. Calculate the remainder when x is divided by h.
6
Let w(z) = 7*z + 1. Let t(s) = s. Let m(f) = 5*t(f) - w(f). Calculate the remainder when 50 is divided by m(-7).
11
Let o = -3 - -5. Suppose -b - 3*b + 16 = g, -g - o = -2*b. Let j(h) = h**2 + 8*h + 10. What is the remainder when j(-8) is divided by g?
2
Let b = 282 - 165. Calculate the remainder when b is divided by 30.
27
Let j = -1 + 0. Suppose -q = 5*v - 15, q - 5*v - 18 = 7. Calculate the remainder when q is divided by ((-11)/4)/(j/4).
9
Calculate the remainder when (-1953)/7*(-2)/6 is divided by 32.
29
Let w be (-254)/(-7) - (-8)/(-28). Suppose v - 2*v - 135 = -5*n, n - w = 2*v. Calculate the remainder when n is divided by 14.
12
Let z(g) = 17*g - 21. Calculate the remainder when z(4) is divided by 24.
23
Let y be 16/10*20/8. Suppose -3*f + 2*d = -19, -30 = -4*f + y*d + d. Calculate the remainder when 9 is divided by f.
4
Suppose 4*q - 4*d - 456 + 68 = 0, 2 = -2*d. Let r = q - 57. Calculate the remainder when r is divided by 10.
9
Let b(q) = q**3 - 6*q**2 - 3*q - 2. Let y = 3 + 4. Calculate the remainder when b(y) is divided by 7.
5
Suppose 6*k - 8*k = -66. Calculate the remainder when k is divided by 12.
9
Let z = -132 - -208. Calculate the remainder when z is divided by 20.
16
Suppose 124 = -83*g + 85*g. Calculate the remainder when g is divided by 21.
20
Let v = -563 + 592. Calculate the remainder when v is divided by (-22)/(-4) + 2/4.
5
Let n = -20 + 46. Let s(t) = -t**2 + 4*t - 1. Let p be s(2). Suppose 0*x + x = p*z + 9, -3*x = 2*z - 27. Calculate the remainder when n is divided by x.
8
Suppose 386 = 6*y + 98. Suppose -p + y - 8 = 0. What is the remainder when p is divided by 14?
12
Suppose -3*m - 4*t + 473 = 0, 2*m = 3*m - t - 146. What is the remainder when m is divided by 38?
37
Suppose -4*k = g - 161, -5*g = 2*k - 5*k + 92. Calculate the remainder when k is divided by 6.
3
Suppose -t + j = -4, t - 16 = -0*t - 3*j. Calculate the remainder when 25 is divided by t.
4
Suppose 4*v = 7*v. Let u(r) = r**3 - r + 5. Calculate the remainder when 12 is divided by u(v).
2
Let p = 41 - 15. What is the remainder when 30 is divided by p/3 + (-6)/9?
6
Suppose 5*o + 5*d - 6 = 14, 4*d + 4 = 0. Let r = -2 - 2. Calculate the remainder when (3 - 1) + r + 15 is divided by o.
3
Let t be (-2)/(-4)*(8 + -4). What is the remainder when 0*(-1)/t + 10 is divided by 3?
1
Suppose 6*h - 3*h = 3. Let j = -4 - -3. Let x = j - -2. Calculate the remainder when x is divided by h.
0
Suppose 0*d - 630 = -2*d. What is the remainder when d/25*(-2 + 7) is divided by 16?
15
Suppose 5*a + 26 = 4*t, -t - 8 = 2*a - 2*t. Let q = 10 - a. What is the remainder when q is divided by 5?
2
Suppose -x = 11 - 28. What is the remainder when 33 is divided by x?
16
What is the remainder when 57 is divided by ((-6)/8)/((-3)/60)?
12
Suppose -5*j = 72 - 342. What is the remainder when j is divided by (112/20)/(4/10)?
12
Let s be -4 + (1 - (-1)/1). Let t(p) = 7*p**2 + 4*p + 3. Suppose 49*k + 60 = 54*k. What is the remainder when t(s) is divided by k?
11
Let i = 5 + -1. Suppose -2*q + 6 = 5*s, 7*q - 15 = 3*s + 2*q. Suppose -t - t + i = s. Calculate the remainder when 4 is divided by t.
0
Calculate the remainder when -5*(-1 - 1/((-5)/(-44))) is divided by 13.
10
Let p(n) = n**3 - n**2 + 3*n + 1. Suppose -3*c + 74 = -c. Let w = c + -22. What is the remainder when p(3) is divided by w?
13
Suppose 0 = -4*x - 3*a + 22, -4*x = -3*x + a - 5. Calculate the remainder when 18 is divided by x.
4
Let t(k) = -k**3 + 3*k**2 + 7*k - 1. What is the remainder when t(4) is divided by 5?
1
Let a = -27 - -28. Let g = a + 10. Calculate the remainder when 2/3 + (-58)/(-3) is divided by g.
9
Let x(p) be the first derivative of p**4/4 + 2*p**3/3 - p**2 - 4*p + 3. Let w be x(-3). Calculate the remainder when 15 is divided by (